 157675 is divided by 157350?
325
Calculate the remainder when 9053724 is divided by 2.
0
What is the remainder when 19198895 is divided by 2742698?
9
What is the remainder when 19663198 is divided by 7654?
72
What is the remainder when 538777 is divided by 40?
17
Calculate the remainder when 20207585 is divided by 41.
38
Calculate the remainder when 90318 is divided by 141.
78
Calculate the remainder when 1096396 is divided by 78.
28
What is the remainder when 1117236 is divided by 42965?
146
What is the remainder when 139697 is divided by 66086?
7525
What is the remainder when 3488019 is divided by 5408?
5267
What is the remainder when 349578 is divided by 49375?
3953
What is the remainder when 19561876 is divided by 441?
439
What is the remainder when 324846 is divided by 162?
36
Calculate the remainder when 54602576 is divided by 3405.
3401
Calculate the remainder when 24640217 is divided by 3520022.
63
What is the remainder when 359210708 is divided by 13?
12
What is the remainder when 8597392 is divided by 3984?
3904
What is the remainder when 36506322 is divided by 576?
18
Calculate the remainder when 17134853 is divided by 7437.
5
What is the remainder when 27458 is divided by 3482?
3084
What is the remainder when 33664576 is divided by 47819?
0
Calculate the remainder when 7175128 is divided by 84.
16
Calculate the remainder when 43597105 is divided by 6699.
13
Calculate the remainder when 93622 is divided by 91480.
2142
What is the remainder when 754422 is divided by 47145?
102
What is the remainder when 757317 is divided by 1206?
1155
What is the remainder when 86648166 is divided by 2270?
2266
Calculate the remainder when 952252 is divided by 132.
4
Calculate the remainder when 2459945 is divided by 309.
305
What is the remainder when 3596896 is divided by 1198944?
64
Calculate the remainder when 265724 is divided by 1285.
1014
What is the remainder when 24444189 is divided by 643267?
43
What is the remainder when 2167534 is divided by 22815?
109
Calculate the remainder when 95751 is divided by 31821.
288
Calculate the remainder when 55406 is divided by 7894.
148
Calculate the remainder when 2939065 is divided by 15.
10
Calculate the remainder when 152908223 is divided by 21.
20
What is the remainder when 437920 is divided by 416?
288
Calculate the remainder when 1263722 is divided by 421235.
17
What is the remainder when 716228 is divided by 119369?
14
What is the remainder when 470839 is divided by 2150?
2139
Calculate the remainder when 1162625 is divided by 13197.
1289
What is the remainder when 1095260 is divided by 361?
347
Calculate the remainder when 447938 is divided by 37309.
230
What is the remainder when 16405002 is divided by 34?
2
What is the remainder when 3729868 is divided by 699?
4
What is the remainder when 367768 is divided by 279?
46
What is the remainder when 156238728 is divided by 198777?
6
What is the remainder when 13364989 is divided by 231?
22
What is the remainder when 50545 is divided by 1159?
708
What is the remainder when 319055 is divided by 45579?
2
What is the remainder when 26510103 is divided by 7?
4
Calculate the remainder when 415055744 is divided by 31.
30
What is the remainder when 148261 is divided by 72854?
2553
What is the remainder when 27212 is divided by 655?
357
What is the remainder when 4518151 is divided by 333?
7
Calculate the remainder when 3091965 is divided by 711.
537
What is the remainder when 3184293 is divided by 2916?
21
Calculate the remainder when 313116 is divided by 16208.
5164
What is the remainder when 184432928 is divided by 61477640?
8
Calculate the remainder when 66119643 is divided by 27.
18
What is the remainder when 56558601 is divided by 3602?
3599
What is the remainder when 1410094 is divided by 128080?
1214
What is the remainder when 5724541 is divided by 1431132?
13
What is the remainder when 4654974 is divided by 1551607?
153
What is the remainder when 2527273 is divided by 252610?
1173
What is the remainder when 7742014 is divided by 12467?
7
Calculate the remainder when 6677920 is divided by 666.
604
Calculate the remainder when 6622212 is divided by 68981.
36
Calculate the remainder when 44945166 is divided by 141.
6
Calculate the remainder when 4123407 is divided by 244.
51
What is the remainder when 53155 is divided by 611?
609
What is the remainder when 1183651 is divided by 898?
87
Calculate the remainder when 746991 is divided by 186744.
15
Calculate the remainder when 17587 is divided by 1464.
19
What is the remainder when 160507 is divided by 52570?
2797
Calculate the remainder when 28458303 is divided by 8.
7
Calculate the remainder when 206564 is divided by 41079.
1169
Calculate the remainder when 1517769 is divided by 525.
519
Calculate the remainder when 54940508 is divided by 611.
610
Calculate the remainder when 1149170 is divided by 494.
126
Calculate the remainder when 2573995 is divided by 11860.
375
What is the remainder when 107103429 is divided by 2595?
2589
What is the remainder when 6744544 is divided by 2248181?
1
Calculate the remainder when 43956477 is divided by 14652149.
30
Calculate the remainder when 2303771 is divided by 1151862.
47
What is the remainder when 339520 is divided by 622?
530
Calculate the remainder when 675468 is divided by 1107.
198
What is the remainder when 2198365 is divided by 1977?
1918
Calculate the remainder when 543727 is divided by 18742.
209
What is the remainder when 20610606 is divided by 51398?
8
Calculate the remainder when 26218212 is divided by 26218203.
9
Calculate the remainder when 1019895 is divided by 104.
71
Calculate the remainder when 585124 is divided by 1864.
1692
Calculate the remainder when 4923332 is divided by 299.
297
Calculate the remainder when 54445500 is divided by 370.
0
Calculate the remainder when 1645092 is divided by 264.
108
Calculate the remainder when 1956215 is divided by 62.
53
Calculate the remainder when 2107623 is divided by 7661.
848
What is the remainder when 47363126 is divided by 9472619?
31
Calculate the remainder when 14905592 is divided by 4968484.
140
Calculate the remainder when 5169775 is divided by 420.
415
What is the remainder when 22569323 is divided by 10473?
8
What is the remainder when 1091460 is divided by 1206?
30
What is the remainder when 305501 is divided by 936?
365
Calculate the remainder when 17157655 is divided by 296.
15
Calculate the remainder when 7866722 is divided by 357578.
6
What is the remainder when 6661921 is divided by 2425?
446
What is the remainder when 69396 is divided by 539?
404
Calculate the remainder when 62130 is divided by 62122.
8
Calculate the remainder when 1645310 is divided by 78348.
2
What is the remainder when 591158 is divided by 50?
8
What is the remainder when 74501123 is divided by 6772829?
4
Calculate the remainder when 377255827 is divided by 5054.
5051
What is the remainder when 429468 is divided by 2892?
1452
What is the remainder when 45886392 is divided by 26?
6
Calculate the remainder when 1707217 is divided by 233.
26
What is the remainder when 14387343 is divided by 7193329?
685
Calculate the remainder when 255798 is divided by 844.
66
Calculate the remainder when 1598240 is divided by 9989.
0
What is the remainder when 102223362 is divided by 9?
3
Calculate the remainder when 2622410 is divided by 131119.
30
Calculate the remainder when 5547723 is divided by 8444.
15
Calculate the remainder when 72311 is divided by 36109.
93
What is the remainder when 867564 is divided by 216876?
60
What is the remainder when 9318 is divided by 3106?
0
Calculate the remainder when 168627 is divided by 33713.
62
Calculate the remainder when 34748 is divided by 3458.
168
What is the remainder when 85253 is divided by 3435?
2813
What is the remainder when 656658 is divided by 327361?
1936
Calculate the remainder when 54295989 is divided by 6032886.
15
Calculate the remainder when 170814 is divided by 119.
49
Calculate the remainder when 15105 is divided by 5022.
39
What is the remainder when 549811 is divided by 49978?
53
What is the remainder when 34195985 is divided by 58?
55
Calculate the remainder when 599919 is divided by 2655.
2544
Calculate the remainder when 4781345 is divided by 491.
478
What is the rem